ivided by 9?
3
Let s = 10 + 0. Let n = s + -8. Calculate the remainder when 58 is divided by (12/(-15))/(n/(-50)).
18
Suppose 110*h = 118*h - 2584. Calculate the remainder when h is divided by 109.
105
Suppose -7*q - 8 = q. Calculate the remainder when q*(-3 - (-6 - -2))*-17 is divided by 10.
7
Let y be 2/9 - (-140)/18. Let g(r) = -r**2 + 14*r - 20. Let j be g(y). What is the remainder when 20 is divided by (j/(-6))/((-4)/6)?
6
Suppose -24 = 2*j + 2*j. Let t(b) = 7*b + 6. Let l be t(j). Let w = -23 - l. What is the remainder when 36 is divided by w?
10
Calculate the remainder when 125 is divided by (1 - 22)*2*8/(-16).
20
Let w be (44/(-8) + 4)*44. Let v = w + 137. What is the remainder when v is divided by 18?
17
Let p = -5 + 7. Suppose 19 = g + p*n, -3*g + n + 0*n + 43 = 0. Calculate the remainder when g is divided by 6.
3
Suppose -2*f = c + 2*c - 50, 5*c = f + 92. Suppose 7*y = y - 96. Let k = c + y. Calculate the remainder when 3 is divided by k.
1
Suppose 5*l - 3 = -2*y + 25, -4*y = -2*l + 16. Let j = -30 - -51. What is the remainder when j is divided by l?
3
Let a = 523 + -498. Calculate the remainder when 43 is divided by a.
18
Let u = -50 - -70. Let p = u - 0. Calculate the remainder when (1 + 1/(-2))*78/1 is divided by p.
19
Suppose 2 - 11 = -3*o. What is the remainder when 39 is divided by 6/2*(10 - o)?
18
Let j = 29 - 26. Suppose -2*p - 3*t = -60, j*p + t = -0*p + 97. What is the remainder when p is divided by 12?
9
Suppose -3*i = 3*l + 33, 0 = -2*i - 2*l + 3*l - 25. Let p = 35 + i. What is the remainder when 43 is divided by p?
20
Let t(x) = x**2 + 6*x + 5. Let m be t(-10). Let q = -20 + m. Let i = q + 14. Calculate the remainder when i is divided by 10.
9
Calculate the remainder when 66 is divided by (-7 - (-220)/30)/((-2)/(-162)).
12
Suppose 7*i - 242 + 32 = 0. What is the remainder when 57 is divided by i?
27
Let f(n) = n**3 - 16*n**2 - n + 23. Let m be f(16). Suppose 784 = u + m*u. Suppose -5*x = -323 + u. What is the remainder when x is divided by 12?
9
Let g(x) = 2*x**2 - 42*x - 9. What is the remainder when 124 is divided by g(22)?
19
Let q be 174*(40/(-15) - -3). Let p = q + -36. What is the remainder when p is divided by 12?
10
Let q(g) be the third derivative of g**5/60 - 5*g**4/8 - 7*g**3/3 - 16*g**2. Calculate the remainder when 13 is divided by q(16).
1
Suppose 16*a - 15 = 11*a. Let q be (3/5)/((-5 - -1)/(-20)). What is the remainder when (-21)/(-6)*(-3 + 2 + q) is divided by a?
1
Let p(c) = 7*c**2 + 3*c + 3. Suppose b - t - 3 = -0*b, -3*b + 2*t + 6 = 0. Calculate the remainder when p(-2) is divided by (b - 9/5)*-5.
7
Let g(q) = -28*q**3 + q**2 + q + 1. Let j be g(-1). Let n = j - 2. Calculate the remainder when n is divided by 14.
13
Calculate the remainder when 3 - -3 - (-69 - 8) is divided by 32.
19
Let j(c) = 34*c - 20. Let b be j(2). Suppose -p = 0, 0 = -3*s - 0*p - 2*p + b. Calculate the remainder when 29 is divided by s.
13
Let w be 3 - (-35 - (-3 + -1)/(-4)). Suppose 19*p - 16*p = w. Calculate the remainder when 22 is divided by p.
9
Let a(r) = 2*r**2 - 3*r + 10. Let g = -72 + 144. Calculate the remainder when g is divided by a(3).
15
Let v(b) = b**3 - 6*b**2 - b + 11. Let y be v(6). Suppose y*x - 8 = 3*x. Calculate the remainder when x is divided by 2 + 0/(4 - 2).
0
Let x(h) = h**3 - 7*h**2 + 5. Let b be x(7). Let j = 9 - b. Suppose -j*t = -95 + 3. What is the remainder when t is divided by 13?
10
Suppose 2*p + 10*p = 10*p. Suppose p = -2*f + 24. Calculate the remainder when 21 is divided by f.
9
Suppose a = 2*q - 83, -q = 3*a - 30 + 6. Calculate the remainder when 52/q*618/4 is divided by 53.
47
Suppose 0 = 3*i - 2*u + 26, 0 = 4*i - 3*u + 54 - 18. What is the remainder when -3 - i - (-148)/2 is divided by 20?
17
Let f(u) = -2*u + 13. Let g be f(4). Let w = -3 - -7. Suppose -w = -n + x + 16, -g*n - x + 118 = 0. What is the remainder when n is divided by 6?
5
Let j(k) = 7*k**3 + 49*k**2 - 2*k - 7. Calculate the remainder when 121 is divided by j(-7).
2
Suppose -2*w - 103 = -3*j, -4*w = j + 2*j + 197. Let d = w - -64. Calculate the remainder when 52 is divided by d.
10
Let b(s) = s**3 - 3*s**2 - 6*s - 11. What is the remainder when b(5) is divided by 4?
1
Let z = -3 + 5. Suppose -12 = -0*c - z*c. Suppose -p - 4 = -2*k, c*k = 2*k + 20. Calculate the remainder when 9 is divided by p.
3
Let v = -39 + 64. Suppose -71*x + 518 = 3*x. Calculate the remainder when v is divided by x.
4
Let a = -1522 + 1665. What is the remainder when a is divided by 8?
7
Let b = -232 - -420. Let v = 411 - b. What is the remainder when v is divided by 45?
43
Let c = 2 - 33. Let b be (-15)/(-10)*(-6)/9. Let u = b - c. Calculate the remainder when 87 is divided by u.
27
Suppose 0 = 4*b - 3*n - 241, 0 = b - 4*n + 10 - 80. Calculate the remainder when 173 is divided by b.
57
Let q(h) = 63*h - 299. What is the remainder when q(7) is divided by 44?
10
Let y = -728 + 886. What is the remainder when y is divided by 32?
30
Let i = -153 - -184. Let t(q) = 8*q**2 + 2*q + 3. Calculate the remainder when t(-4) is divided by i.
30
Suppose 40 = 13*b - 142. What is the remainder when 111 is divided by b?
13
Let u = -97 - -159. Let n(r) = r**3 - 6*r**2 - 17. Let p be n(7). Calculate the remainder when u is divided by (-1)/(-2*1/p).
14
Suppose -7*i + 12*i - 44 = -c, 22 = 2*i - 4*c. Let q(v) = -2*v - 6. Let z(b) = b. Let g(t) = -q(t) - 3*z(t). Calculate the remainder when i is divided by g(0).
3
Let y = 21 - 17. Suppose -m + 2*d + 37 = 0, d + 79 = y*m - 55. Suppose 4*l - 75 = m. Calculate the remainder when l is divided by 14.
13
Suppose 3 - 83 = -5*s. Let j(o) = o**3 + 22*o**2 + 19*o + 19. What is the remainder when j(-21) is divided by s?
13
Let m be (-26)/1*(-1)/2. Suppose m + 7 = 2*v. Suppose -r = -2 - 2. What is the remainder when v is divided by r?
2
Suppose 0 = -14*j + 1134 - 1008. Calculate the remainder when 1492 is divided by j.
7
Calculate the remainder when 42/4 + -2 + 12/(-8) is divided by 3.
1
Let q = 1488 - 1021. What is the remainder when q is divided by 39?
38
Let z = -690 - -697. What is the remainder when 152 is divided by z?
5
Let v = 1919 + -1861. What is the remainder when 295 is divided by v?
5
Suppose -4*l - 5*l = -108. Suppose -2*q = -0*q - 90. Calculate the remainder when q is divided by l.
9
Let c(s) = -59*s - 40. Calculate the remainder when c(-2) is divided by 25.
3
Suppose 13*f = 6*f + 329. Suppose 3*w - f - 85 = 0. Calculate the remainder when w is divided by 12.
8
Let j = 5 + -6. Let q = j + -9. Let w(v) = v + 13. What is the remainder when w(q) is divided by 1?
0
Suppose -104 = -2*s + 4*t, -3*s = t - 21 - 100. Let x = -38 + s. Calculate the remainder when 18 is divided by x.
2
Suppose 3*y + 4 + 2 = 0. Let g be y/1*(-26)/(-4). Let q = 22 + g. What is the remainder when q is divided by 6?
3
Let v be 18/4*22/(-1). Let o = v - -205. Let f = -33547 - -33574. Calculate the remainder when o is divided by f.
25
Let s(b) = -6*b + 221. Calculate the remainder when 162 is divided by s(35).
8
Suppose -a - a = 0. Suppose 0 = -4*y - a*y. Suppose 5*v + 3*g = -g + 92, 5*v - 5*g - 65 = y. Calculate the remainder when 45 is divided by v.
13
Let n(p) = 4*p - 9. Suppose -175 = -f - 2*f - l, 187 = 3*f - 5*l. Let d = 88 - f. What is the remainder when d is divided by n(5)?
7
Suppose -7*b = -46*b + 195. Let o = 5 + -1. Calculate the remainder when b is divided by o.
1
Let q(h) = -h**3 - 18*h**2 - 18*h + 30. What is the remainder when q(-17) is divided by 5?
2
Calculate the remainder when 4 - ((-2)/(-4)*-10 - 103) is divided by 38.
36
Let t = -21 + 26. Suppose 5*w - 4*f = -3 + 5, t*f - 20 = -5*w. Calculate the remainder when 4 is divided by w.
0
Suppose 0*x + s = x, -4*x = 3*s + 7. Let k be (x - 5)*(3 + -4). Suppose -y + k = -8. Calculate the remainder when 53 is divided by y.
11
Let f(s) = s**2 - 3*s - 9. Let j be f(6). Let u = 12 - j. Suppose 3*d = -u*a + 78, 2*d + a - 37 = -4*a. Calculate the remainder when d is divided by 17.
14
Let k(m) = -m**3 - 7*m**2 + 15*m + 21. Let y be k(-9). Let v = 50 - y. What is the remainder when v is divided by 7/3 + (-1)/3?
0
Suppose 6 = 3*m - 3. Suppose -19*b + 18*b = 1. Let g(x) = -4*x**3 + 2*x**2 - 3*x - 3. What is the remainder when g(b) is divided by m?
0
Suppose -29 = -3*q + 45*h - 50*h, -36 = -4*q - 4*h